 - (15 - (-4 + 16))))?
-36
0 + -35 - (-24 - 0 - (16 + -40))
-35
What is 198 - (7 + -115 - -198)?
108
What is -6 + (-1 + (-3 - 0) - (193 + -184)) + 7?
-12
Calculate -7 + (32 - 0) - 2.
23
Evaluate (36 - (20 - 6)) + (0 - 9) - 1.
12
What is the value of -75 - (10 - (3 - (-16 - 5)))?
-61
Evaluate -12 - (-6 + 3) - (2 - (11 + -24)).
-24
Calculate 18 - (-2 + (-5 - 35) - -25).
35
Calculate (1 - -87) + (-15 - (4 + -11 + 6)) - 10.
64
(29 - 12) + 35 + -27
25
Calculate 534 + -554 + (31 - 0).
11
What is -28 + (-30 - -43) + (-30 - 3)?
-48
Evaluate (-54 - -15) + 4 + -7.
-42
(-50 - -10) + (177 - 102)
35
What is (36 - 46) + 11 - (-38 + 5 + 0 + -7)?
41
-51 - (-64 + 16 + 29)
-32
1 + 9 + 3 - (9 + 0 - -45)
-41
What is the value of (7 - (39 + -19 + -10)) + (-4 - 1) - -7?
-1
What is 8 + 4 + (-733 - -775)?
54
Evaluate -2 + -3 - 2 - (245 + -255) - 13.
-10
Evaluate (1 + 25 - -1) + (43 - (70 + -15)).
15
Evaluate -2 - -8 - 7 - (49 - 61) - 88.
-77
Evaluate 1 - -8 - (35 - 3 - (598 + -505)).
70
Evaluate 1856 + -1759 - (1 - -150).
-54
Calculate -9 - (5 - (-6 + (20 - 8) + -50)).
-58
What is the value of (-52 - -20) + (6 - (-22 + 6))?
-10
What is 1 + -23 - (-3895 + 3889)?
-16
Calculate (-45 - 65) + 146 - 116.
-80
Calculate 82 - (-41 + 137 + -14).
0
Calculate 9 + 0 - 14 - -2 - (176 + -161).
-18
Evaluate 34 + 5 + -20 + (77 - 82).
14
(5 - -29 - (1 - -13)) + 20
40
What is the value of -2 + 1 + 13 + (371 - 414)?
-31
(-30 - 0) + 548 + -519
-1
What is the value of -139 + 118 + -52 + 50?
-23
Calculate -18 + 9 - -163 - 6 - (186 - 168).
130
What is the value of (40 - -6 - 32) + 29?
43
What is 32 - (3 - (-25 + 129 + -38))?
95
What is 3 - -69 - (107 + (210 - 334))?
89
What is 21 + -20 - ((55 - -2) + -30 + 16 + 15)?
-57
What is the value of -4 + 3 + -6 + 254 + -238 + 7 + 0?
16
What is (9 - 17) + -80 - (-2 + (0 - (-1 - -1)))?
-86
What is the value of -69 + 55 - (-16 + -4) - -15?
21
What is -21 + 22 + -10 + -5 - -26?
12
Evaluate (50 + -19 - 23) + 12 + -4 + -1 - -20.
35
Calculate -2 - (3 - 5) - (-20 - -52).
-32
Evaluate -10 + (-1 - 0) + (51 + 14 - -93) + -15.
132
What is 0 + -26 + (-2649 - -2619)?
-56
What is -47 + (-115 - (-9 + -190))?
37
Evaluate -3 - (-16 - (-29 - (17 - 35))).
2
What is -47 - (10 + (16 - (38 - -8)))?
-27
Calculate -46 - -10 - (-1 + -23 - (-240 - -231)).
-21
What is the value of (-50 + -14 - -266) + -84?
118
Evaluate (231 - (61 + 237)) + (0 - -2 - 2 - 1).
-68
Calculate (1 - 9) + 72 + -49 + (-6 - 12).
-3
What is the value of 55 + -84 - 43 - -9?
-63
-23 + -1 + 5347 + -5345
-22
What is -3 - (3 + (-1 - 2)) - (533 - 547)?
11
Calculate (-2 + 11 - (14 - -1) - -6) + -45.
-45
What is the value of -117 - -2 - (-28 + 24 + -1)?
-110
Evaluate 3048 + -2993 - (44 + 0).
11
Calculate 25 + -12 + -4 + (-31 - -35).
13
-316 - -260 - (1 - 54)
-3
1 - (18 - -2) - (8 - (48 + -47))
-26
6 + (0 + -6 - 1) - (-4 + -47)
50
What is the value of (-1070 - -1078) + (-2 - -2)?
8
What is the value of (-46 - -23) + (28 - -2)?
7
What is -3418 - -3504 - (0 - -146)?
-60
Calculate -30 - (0 + (-6 - (9 - -1)) + (1 - -29)).
-44
Calculate -51 + (-37 - (-61 - -20)).
-47
What is the value of 0 + (-2 - 0) + (152 - (234 - 67))?
-17
Evaluate 3 - 1 - 22 - (-24 + -14 + 64 + -18).
-28
Calculate (12 - -64) + (-141 - 24).
-89
-28 + 70 + (-7 - 28) - (-1 - 46)
54
Evaluate 69 + -78 - (-7 - -2) - (6 + 1).
-11
What is -1 + -4 + (-50 - -44 - -14)?
3
Evaluate 12 - (20 + (1 + 7 - 40) - (3 + 25)).
52
Calculate -81 - (-6 + (3 - -4)) - (8 - (7 - -9)).
-74
35 - -1 - (88 - (20 - -50))
18
What is the value of (-4 - -174) + (328 - 456)?
42
-11 + (-22 - (-53 + -7 - -19))
8
Calculate (5 - -11 - -24) + (12 - 21).
31
Evaluate 12 - ((2 - 3) + -11 - (124 - 97)).
51
What is the value of 3 - 4 - ((13 - 33) + 22 + -25)?
22
What is the value of -1 + 15 + (-131 - -336) + -204?
15
What is 703 + -747 + -1 + (0 - -19)?
-26
What is the value of (14 + -6 - (-62 + 7)) + -17?
46
144 - (1 + 57 + (149 - 169))
106
What is 41 - (-11 + 39 + -43)?
56
What is the value of 8 - (13 - -5) - (110 + -177)?
57
59 - (-583 - -596 - (-2 - -15))
59
What is (52 - -17 - 19) + -21 - 21?
8
Calculate -55 - (2 + -3) - ((-91 - 80) + 149).
-32
What is -976 + 1076 - (4 + -6 - 6)?
108
Evaluate -4 + -8 + -20 + 3 + 38 + (40 - 84).
-35
-2 + -5 - ((-6 - 30) + (28 - 16))
17
Calculate 22 - ((4 - -3) + 7) - 62.
-54
Calculate 2 + 5 + 4 - (26 - (146 + 7) - -25).
113
What is the value of (-62 - -5) + (11 - (-8 + 11))?
-49
What is the value of 2 - 3 - 94 - (2974 - 3021)?
-48
What is the value of 63 + (-33 + 32 - 30)?
32
-36 + -13 - (129 - 119)
-59
Evaluate 30180 + -30072 + -75 + -1.
32
Calculate 27 - (21 - (32 - (-4 - -25))).
17
Evaluate -13 - (18 + -40 + -11 + 8).
12
What is (143 - 34) + -73 + -21?
15
6 - (-6 - ((-66 - -31) + 110))
87
Evaluate -115 + (8 - (-7 + 1)) - -8.
-93
Evaluate 4 + 27 + 3 + 1 + -17 - -3.
21
(17 - (24 + -14)) + (1 - (4 + 2 + 8))
-6
Evaluate (-1 - -1) + -10 - ((-8 + -25 - -73) + -50).
0
106 - ((53 - -28) + -72)
97
Evaluate -52 + (13 + 20 - -28).
9
Calculate (-10 + -20 - -14) + (17 - -1) + 85.
87
Evaluate -31 - (10 - 8) - 8.
-41
What is the value of 55 + (0 - 3 - (65 + (15 - 65)))?
37
Evaluate -40 + (-21 - -32) + (-20 - (-8 - -3)).
-44
Evaluate 4 + 26 + -2 - (152 + -150).
26
Calculate (-1 - (36 + 32)) + -25.
-94
Calculate 108 - ((27 - -65) + -29).
45
Calculate 3 + -2 + 3 + -52 + 36 - -52.
40
What is the value of (-97 - (-17 - 21)) + (-2 - 0) + -4 + 17?
-48
What is -10 + 30 + 5 - (17 - (-11 + 22))?
19
19 + -24 + -25 + 13
-17
Calculate 107 + (-36 - 53) - (6 + -1).
13
Evaluate (-30 - (-24 - -19)) + (-97 - -70).
-52
Evaluate (-4 - 17) + -1 + 2 + -25 + 14.
-31
What is the value of 5 + -2 + (-155 - -153) + 11 + -2 + 2?
12
What is 5 - 7 - ((-7 - -2) + 101 + -97 + 10)?
-11
What is the value of 112 + (134 + -110 - 156)?
-20
Evaluate (2 - 41) + (3081 - 2969).
73
(-6 + 24 + 0 - (15 - 49)) + (10 - 1)
61
Evaluate (17427 - 17298) + (-1 - (0 + 22)).
106
10 + (2 + -8 - 23) + -4
-23
Calculate 32 - ((29 - -7) + -24 - (20 - -2)).
42
What is the value of 1 - -148 - (-10648 + 10720)?
77
Evaluate 25 - ((8 - (1 - -11)) + -5 + -2).
36
Evaluate (-151 - -7) + 67 + 16.
-61
Evaluate (3 - (-13 + 6)) + -6 + (82 - 11 - -2).
77
What is the value of 9 + (-17 - 8) + 9 - -25?
18
What is the value of 101 + -2 - ((2 - -9) + -30 - (-31 + 7))?
94
What is the value of 48 + -78 + 35 + -14 + 0?
-9
40 + 5 + -52 + -13
-20
Evaluate 6 + 34 + -30 + -6 + 7 + -3 - 8.
0
Calculate 28 + -25 - -13 - (9 - 1 - (-40 + 44)).
12
What is the value of (-5 - (-13 - (11 + -23)) - -4) + -46?
-46
39 + (-92 - (-11 - -11))
-53
185 + -198 + (-49 - 4)
-66
Calculate 11 + -7 + -22 - (-293 + 346).
-71
What is the value of ((2 - 21) + (64 - 63) - -13) + -12?
-17
-300 + 300 + (-2 - 57)
-59
What is -102 + (122 - -64) - 223?
-139
81 - 12 - (27 + -20 + -14 + -4)
80
Calculate (13 - (12 - (3 - 2))) + 2 + 34 + -16.
22
What is 124 + -19 + 0 + -21 - (1 + (13 - 0))?
70
11 + 2 - -48 - -19
80
What is (-56 - -41) + (-11 - -6) + -3?
-23
What is the value of -16 + -10 + 30 + (-6 - 13) + -26?
-41
What is (159 - 138) + (1 - 0) + -5?
17
Evaluate (17 - (8 - 10 - (0 + -11))) + -18.
-10
What is the value of (-68 - 153) + 88 + 61?
-72
What is the value of -2 + (-3 - 0) + 4 + 0 + -33 + 3?
-31
Calculate -66 + 30 + 17 + 17.
-2
What is the value of 216 + -162 - (9 + 0 + -40)?
85
What is the value of 63 - (47 + (-30 - 37) + 5 + 1)?
77
Calculate 32 + -48 + 12 + 0 - (66 - -3).
-73
0 + 10 + (5 - 7) + -58 + 51
1
What is (-12 - (-14 + 3)) + 31?
30
Calculate (38 - (12 - -9 - 5)) + 15.
37
Evaluate -7 - (0 + 8 - ((10 - 4) + (-40 - -29))).
-20
Evaluate (-3 - -16) + 2058 + -2104.
-33
36 + -28 + 48 + -74
-18
-27 + (13 - (-3 - -1) - (-138 - -143))
-17
Evaluate 24 + (15 - -1) - (-9 + 3 + 7).
39
What is (-1 - -5) + -12 + -13 + 45?
24
What is 2 + -1 + -3 + 6 + -48 + 17 + -60?
-87
What is 22 + -23 + -4 + -5 + 71?
61
240 + -241 - (7 + -1) - -6 - (-37 + 2)
34
Calculate (54 + -67 - -7) + 76 + 3.
73
What is -11 + (-2 - 15 - (204 + -210)) - (0 - -6)?
-28
(-98 - (25 - 11)) + (-186 - -201)
-97
Evaluate 6 + 13 + -11 + 12 + 4.
24
(3 + -6 - 1) + -18 + 13 + 35 + -124
-98
(-424 - -424) + -2 + (2 - -1) + -8
-7
Calculate (9 - (-6 - -5)) + -34 + -1 + -4 + -1.
-30
What is 51 + (-57 - -10) + 24?
28
Evaluate -10 - (-5 - -3) - (69 + -63 + 12).
-26
What is 1 + 3 + -15 + 13 + 54 + -3?
53
Calculate (24 - (-2